8?
476
Calculate the remainder when 576577 is divided by 305.
127
What is the remainder when 622674950 is divided by 1219?
1217
What is the remainder when 48208 is divided by 46348?
1860
Calculate the remainder when 15033554 is divided by 39.
29
Calculate the remainder when 1567107 is divided by 1726.
1625
Calculate the remainder when 795021 is divided by 20377.
318
What is the remainder when 17160 is divided by 5942?
5276
Calculate the remainder when 179207 is divided by 14927.
83
Calculate the remainder when 1509177191 is divided by 344.
343
What is the remainder when 63312 is divided by 438?
240
What is the remainder when 2999131 is divided by 375?
256
What is the remainder when 124865 is divided by 735?
650
Calculate the remainder when 2244860 is divided by 32.
28
What is the remainder when 17352 is divided by 234?
36
Calculate the remainder when 407858 is divided by 1647.
1049
Calculate the remainder when 12746 is divided by 638.
624
Calculate the remainder when 194650 is divided by 64873.
31
Calculate the remainder when 670008949 is divided by 808.
805
Calculate the remainder when 8790673 is divided by 18.
13
What is the remainder when 1967465 is divided by 655821?
2
Calculate the remainder when 13500 is divided by 6712.
76
Calculate the remainder when 200456 is divided by 303.
173
What is the remainder when 311155 is divided by 439?
343
Calculate the remainder when 993333 is divided by 2913.
0
Calculate the remainder when 61247 is divided by 3215.
162
What is the remainder when 5506544 is divided by 114?
2
What is the remainder when 52468496 is divided by 968?
960
Calculate the remainder when 13222367 is divided by 70.
67
What is the remainder when 197110707 is divided by 3999?
3996
What is the remainder when 31835490 is divided by 31365?
15
What is the remainder when 142150785 is divided by 4406?
7
Calculate the remainder when 1437024 is divided by 824.
792
What is the remainder when 25706913 is divided by 474?
471
What is the remainder when 575108 is divided by 2329?
2174
Calculate the remainder when 7954396 is divided by 2651461.
13
Calculate the remainder when 1378462 is divided by 602.
484
What is the remainder when 43537 is divided by 8704?
17
What is the remainder when 699815 is divided by 279?
83
Calculate the remainder when 152337 is divided by 25380.
57
Calculate the remainder when 503914 is divided by 173.
138
What is the remainder when 10924 is divided by 9623?
1301
Calculate the remainder when 195921 is divided by 318.
33
What is the remainder when 43839383 is divided by 43839366?
17
What is the remainder when 51570 is divided by 84?
78
What is the remainder when 156796 is divided by 671?
453
Calculate the remainder when 1303879 is divided by 201.
193
What is the remainder when 1842373 is divided by 614063?
184
Calculate the remainder when 526799 is divided by 30985.
54
Calculate the remainder when 53418 is divided by 10679.
23
Calculate the remainder when 678807 is divided by 339394.
19
What is the remainder when 2898836 is divided by 96?
20
What is the remainder when 8602874 is divided by 5766?
2
What is the remainder when 1237464 is divided by 412379?
327
Calculate the remainder when 3003360 is divided by 143.
74
What is the remainder when 539520 is divided by 10361?
748
Calculate the remainder when 2820080 is divided by 65.
55
What is the remainder when 78885733 is divided by 470?
463
Calculate the remainder when 577862 is divided by 115448.
622
What is the remainder when 1241161 is divided by 8112?
25
What is the remainder when 399008 is divided by 251?
169
What is the remainder when 1709453 is divided by 1709400?
53
What is the remainder when 603768 is divided by 1080?
48
Calculate the remainder when 103270 is divided by 1866.
640
Calculate the remainder when 300873 is divided by 838.
31
What is the remainder when 802674 is divided by 595?
19
What is the remainder when 1818158 is divided by 2189?
1288
What is the remainder when 1813608 is divided by 95453?
1
Calculate the remainder when 6024465 is divided by 198.
117
What is the remainder when 3087541 is divided by 114353?
10
Calculate the remainder when 736285 is divided by 5711.
5277
Calculate the remainder when 1292327 is divided by 1112.
183
What is the remainder when 42836255 is divided by 688?
687
What is the remainder when 145074791 is divided by 219?
212
Calculate the remainder when 240661049 is divided by 3082.
3079
What is the remainder when 535426 is divided by 83?
76
What is the remainder when 163369 is divided by 7729?
1060
What is the remainder when 18337099 is divided by 105?
4
What is the remainder when 48392 is divided by 57?
56
Calculate the remainder when 104236159 is divided by 1093.
28
Calculate the remainder when 1011315 is divided by 1011030.
285
Calculate the remainder when 8963427 is divided by 746942.
123
What is the remainder when 690333 is divided by 43144?
29
Calculate the remainder when 7073796 is divided by 2317.
2312
Calculate the remainder when 357891 is divided by 89472.
3
What is the remainder when 201913995 is divided by 187?
184
Calculate the remainder when 6384881 is divided by 302.
299
Calculate the remainder when 461859 is divided by 155.
114
What is the remainder when 538127967 is divided by 305?
302
Calculate the remainder when 49530621 is divided by 352.
349
What is the remainder when 1646675 is divided by 73?
14
Calculate the remainder when 1030224 is divided by 25.
24
What is the remainder when 4425131 is divided by 811?
315
What is the remainder when 2189 is divided by 640?
269
What is the remainder when 757489 is divided by 148?
25
What is the remainder when 577650 is divided by 1958?
40
Calculate the remainder when 69928 is divided by 13477.
2543
What is the remainder when 191618997 is divided by 300?
297
What is the remainder when 17851638 is divided by 939559?
17
Calculate the remainder when 26952269 is divided by 3.
2
What is the remainder when 4972105 is divided by 1657350?
55
What is the remainder when 3382150 is divided by 1998?
1534
What is the remainder when 229659 is divided by 7050?
4059
What is the remainder when 10328 is divided by 370?
338
What is the remainder when 9888 is divided by 131?
63
Calculate the remainder when 6276198 is divided by 14664.
6
What is the remainder when 384638 is divided by 128189?
71
What is the remainder when 13576375 is divided by 1195?
1175
What is the remainder when 1599342 is divided by 875?
717
Calculate the remainder when 101252 is divided by 2021.
202
Calculate the remainder when 142470 is divided by 98.
76
What is the remainder when 30352242 is divided by 34142?
4
What is the remainder when 20780 is divided by 20630?
150
What is the remainder when 316012 is divided by 29?
28
What is the remainder when 190601 is divided by 27226?
19
Calculate the remainder when 936293 is divided by 234070.
13
Calculate the remainder when 1530652 is divided by 765316.
20
What is the remainder when 920896 is divided by 115?
91
What is the remainder when 27233 is divided by 623?
444
Calculate the remainder when 224188 is divided by 55688.
1436
What is the remainder when 450380522 is divided by 527?
525
Calculate the remainder when 8776324 is divided by 3041.
3039
Calculate the remainder when 288695 is divided by 689.
4
What is the remainder when 1208572 is divided by 402852?
16
Calculate the remainder when 37657609 is divided by 9273.
9229
Calculate the remainder when 38070423 is divided by 10794.
10779
Calculate the remainder when 317487 is divided by 1876.
443
What is the remainder when 240304 is divided by 2611?
92
Calculate the remainder when 37138923 is divided by 128.
107
What is the remainder when 557950 is divided by 1539?
832
Calculate the remainder when 66930318 is divided by 5687.
15
Calculate the remainder when 11449629 is divided by 11449591.
38
Calculate the remainder when 147174 is divided by 4339.
3987
What is the remainder when 616066880 is divided by 49?
23
What is the remainder when 21080 is divided by 4208?
40
What is the remainder when 5373844 is divided by 235?
99
Calculate the remainder when 1476354 is divided by 1476292.
62
Calculate the remainder when 4181324 is divided by 464583.
77
Calculate the remainder when 68625522 is divided by 49.
42
Calculate the remainder